{"id":83,"date":"2015-07-15T19:43:18","date_gmt":"2015-07-15T19:43:18","guid":{"rendered":"http:\/\/franequip.com.ar\/wp2\/?post_type=product&#038;p=83"},"modified":"2019-06-15T00:51:30","modified_gmt":"2019-06-15T00:51:30","slug":"convector-pauna-beta-21-electrico","status":"publish","type":"product","link":"http:\/\/franequip.com.ar\/wp2\/producto\/convector-pauna-beta-21-electrico\/","title":{"rendered":"Convector Pauna BETA 21 ELECTRICO"},"content":{"rendered":"<p>Convector Pauna BETA 21 ELECTRICO<\/p>\n<p>Los hornos convectores BETA 21 son ideales para hornear productos de panader\u00eda y pasteler\u00eda, y -por su dise\u00f1o y medidas- responden eficazmente como terminales de cocci\u00f3n de productos refrigerados o ultraenfriados. Son robustos, seguros, vers\u00e1tiles, consumen muy poco y garantizan una excelente cocci\u00f3n gracias a su exclusivo sistema de ventilaci\u00f3n forzada.<br \/>\nCapacidad: 4 Bandejas 440 x 320 mm<br \/>\nGabinete exterior de acero inoxidable<br \/>\nC\u00e1mara de cocci\u00f3n enlozada<br \/>\nRegulaci\u00f3n termostato: 50\u00baC \/ 300\u00baC<br \/>\nRegulaci\u00f3n tiempo: 0 a 60 minutos<br \/>\nPortabandejas desmontables<br \/>\npuerta de vidrio templado alta temperatura<br \/>\nAislaci\u00f3n t\u00e9rmica de fibra mineral<br \/>\nAlimentaci\u00f3n el\u00e9ctrica: 220 V &#8211; 50 Hz<br \/>\nConsumo m\u00e1ximo (300\u00baC): 2,7 Kw\/hora<\/p>\n","protected":false},"excerpt":{"rendered":"<p>Convector Pauna BETA 21 ELECTRICO Los hornos convectores BETA 21 son ideales para hornear productos de panader\u00eda y pasteler\u00eda, y -por su dise\u00f1o y medidas- responden eficazmente como terminales de cocci\u00f3n de productos refrigerados o ultraenfriados. Son robustos, seguros, vers\u00e1tiles, consumen muy poco y garantizan una excelente cocci\u00f3n gracias a su exclusivo sistema de ventilaci\u00f3n <a class=\"read-more\" href=\"http:\/\/franequip.com.ar\/wp2\/producto\/convector-pauna-beta-21-electrico\/\">Read More<\/a><\/p>\n","protected":false},"featured_media":84,"comment_status":"open","ping_status":"closed","template":"","meta":{"_exactmetrics_skip_tracking":false,"_exactmetrics_sitenote_active":false,"_exactmetrics_sitenote_note":"","_exactmetrics_sitenote_category":0},"product_brand":[],"product_cat":[20],"product_tag":[28,21,27],"class_list":{"0":"post-83","1":"product","2":"type-product","3":"status-publish","4":"has-post-thumbnail","6":"product_cat-hornos","7":"product_tag-electrico","8":"product_tag-horno","9":"product_tag-pauna","10":"dc_vendor_shop-vendedor2","12":"first","13":"instock","14":"shipping-taxable","15":"product-type-simple"},"_links":{"self":[{"href":"http:\/\/franequip.com.ar\/wp2\/wp-json\/wp\/v2\/product\/83","targetHints":{"allow":["GET"]}}],"collection":[{"href":"http:\/\/franequip.com.ar\/wp2\/wp-json\/wp\/v2\/product"}],"about":[{"href":"http:\/\/franequip.com.ar\/wp2\/wp-json\/wp\/v2\/types\/product"}],"replies":[{"embeddable":true,"href":"http:\/\/franequip.com.ar\/wp2\/wp-json\/wp\/v2\/comments?post=83"}],"wp:featuredmedia":[{"embeddable":true,"href":"http:\/\/franequip.com.ar\/wp2\/wp-json\/wp\/v2\/media\/84"}],"wp:attachment":[{"href":"http:\/\/franequip.com.ar\/wp2\/wp-json\/wp\/v2\/media?parent=83"}],"wp:term":[{"taxonomy":"product_brand","embeddable":true,"href":"http:\/\/franequip.com.ar\/wp2\/wp-json\/wp\/v2\/product_brand?post=83"},{"taxonomy":"product_cat","embeddable":true,"href":"http:\/\/franequip.com.ar\/wp2\/wp-json\/wp\/v2\/product_cat?post=83"},{"taxonomy":"product_tag","embeddable":true,"href":"http:\/\/franequip.com.ar\/wp2\/wp-json\/wp\/v2\/product_tag?post=83"}],"curies":[{"name":"wp","href":"https:\/\/api.w.org\/{rel}","templated":true}]}}