{"id":794,"date":"2015-07-25T17:31:56","date_gmt":"2015-07-25T17:31:56","guid":{"rendered":"http:\/\/franequip.com.ar\/wp2\/?post_type=product&#038;p=794"},"modified":"2019-06-15T00:53:16","modified_gmt":"2019-06-15T00:53:16","slug":"heladeras-exhibidora-vertical-4-puertas","status":"publish","type":"product","link":"http:\/\/franequip.com.ar\/wp2\/producto\/heladeras-exhibidora-vertical-4-puertas\/","title":{"rendered":"Exhibidora vertical HELADERAS 4 PUERTAS"},"content":{"rendered":"<p>&#8211; Evaporador de techo con forzador de aire. &#8211; Parrillas interiores regulables, de acero tratado con pintura epoxi. &#8211; Aislamiento en poliuretano expandido libre de CFC. &#8211; Puerta con termo panel triple vidriado. &#8211; Excelente iluminaci\u00f3n lateral. &#8211; Gabinete en chapa electrozincada prepintada y protecci\u00f3n vinilica. &#8211; Cenefa superior iluminada &#8211; Patas regulables para nivelaci\u00f3n Opcionales: &#8211; decoraci\u00f3n con logos-marcas en gabinetes y cenefas<\/p>\n","protected":false},"excerpt":{"rendered":"<p>&#8211; Evaporador de techo con forzador de aire. &#8211; Parrillas interiores regulables, de acero tratado con pintura epoxi. &#8211; Aislamiento en poliuretano expandido libre de CFC. &#8211; Puerta con termo panel triple vidriado. &#8211; Excelente iluminaci\u00f3n lateral. &#8211; Gabinete en chapa electrozincada prepintada y protecci\u00f3n vinilica. &#8211; Cenefa superior iluminada &#8211; Patas regulables para nivelaci\u00f3n <a class=\"read-more\" href=\"http:\/\/franequip.com.ar\/wp2\/producto\/heladeras-exhibidora-vertical-4-puertas\/\">Read More<\/a><\/p>\n","protected":false},"featured_media":795,"comment_status":"open","ping_status":"closed","template":"","meta":{"_exactmetrics_skip_tracking":false,"_exactmetrics_sitenote_active":false,"_exactmetrics_sitenote_note":"","_exactmetrics_sitenote_category":0},"product_brand":[],"product_cat":[144,57],"product_tag":[],"class_list":{"0":"post-794","1":"product","2":"type-product","3":"status-publish","4":"has-post-thumbnail","6":"product_cat-exhibidoras-verticales","7":"product_cat-heladeras","8":"dc_vendor_shop-vendedor2","10":"first","11":"instock","12":"shipping-taxable","13":"product-type-simple"},"_links":{"self":[{"href":"http:\/\/franequip.com.ar\/wp2\/wp-json\/wp\/v2\/product\/794","targetHints":{"allow":["GET"]}}],"collection":[{"href":"http:\/\/franequip.com.ar\/wp2\/wp-json\/wp\/v2\/product"}],"about":[{"href":"http:\/\/franequip.com.ar\/wp2\/wp-json\/wp\/v2\/types\/product"}],"replies":[{"embeddable":true,"href":"http:\/\/franequip.com.ar\/wp2\/wp-json\/wp\/v2\/comments?post=794"}],"wp:featuredmedia":[{"embeddable":true,"href":"http:\/\/franequip.com.ar\/wp2\/wp-json\/wp\/v2\/media\/795"}],"wp:attachment":[{"href":"http:\/\/franequip.com.ar\/wp2\/wp-json\/wp\/v2\/media?parent=794"}],"wp:term":[{"taxonomy":"product_brand","embeddable":true,"href":"http:\/\/franequip.com.ar\/wp2\/wp-json\/wp\/v2\/product_brand?post=794"},{"taxonomy":"product_cat","embeddable":true,"href":"http:\/\/franequip.com.ar\/wp2\/wp-json\/wp\/v2\/product_cat?post=794"},{"taxonomy":"product_tag","embeddable":true,"href":"http:\/\/franequip.com.ar\/wp2\/wp-json\/wp\/v2\/product_tag?post=794"}],"curies":[{"name":"wp","href":"https:\/\/api.w.org\/{rel}","templated":true}]}}

<p>&#8211; Evaporador de techo con forzador de aire. &#8211; Parrillas interiores regulables, de acero tratado con pintura epoxi. &#8211; Aislamiento en poliuretano expandido libre de CFC. &#8211; Puerta con termo panel triple vidriado. &#8211; Excelente iluminación lateral. &#8211; Gabinete en chapa electrozincada prepintada y protección vinilica. &#8211; Cenefa superior iluminada &#8211; Patas regulables para nivelación Opcionales: &#8211; decoración con logos-marcas en gabinetes y cenefas</p>

<p>&#8211; Evaporador de techo con forzador de aire. &#8211; Parrillas interiores regulables, de acero tratado con pintura epoxi. &#8211; Aislamiento en poliuretano expandido libre de CFC. &#8211; Puerta con termo panel triple vidriado. &#8211; Excelente iluminación lateral. &#8211; Gabinete en chapa electrozincada prepintada y protección vinilica. &#8211; Cenefa superior iluminada &#8211; Patas regulables para nivelación <a class="read-more" href="http://franequip.com.ar/wp2/producto/heladeras-exhibidora-vertical-4-puertas/">Read More</a></p>
