{"id":753,"date":"2015-07-25T15:33:43","date_gmt":"2015-07-25T15:33:43","guid":{"rendered":"http:\/\/franequip.com.ar\/wp2\/?post_type=product&#038;p=753"},"modified":"2019-07-04T19:42:42","modified_gmt":"2019-07-04T19:42:42","slug":"balanza-vita-pediatrica-systel","status":"publish","type":"product","link":"http:\/\/franequip.com.ar\/wp2\/producto\/balanza-vita-pediatrica-systel\/","title":{"rendered":"Balanza Vita pediatrica Systel"},"content":{"rendered":"","protected":false},"excerpt":{"rendered":"<ul class=\"list_check\">\n<li>Bandeja de pl\u00e1stico con el tama\u00f1o adecuado para el pesaje de beb\u00e9s.<\/li>\n<li>Bandeja con forma anat\u00f3mica para mayor contenci\u00f3n<\/li>\n<li>Funciones cero y tara<\/li>\n<li>Funci\u00f3n estabilizadora de peso para beb\u00e9s en movimiento<\/li>\n<\/ul>\n<div class=\"wpb_column vc_column_container vc_col-sm-4\">\n<div class=\"vc_column-inner \">\n<div class=\"wpb_wrapper\">\n<div class=\"wpb_text_column wpb_content_element \">\n<div class=\"wpb_wrapper\">\n<ul class=\"list_check\">\n<li>Dimensiones generales: 380 x 600 x 145 mm.<\/li>\n<li>Bandeja porta beb\u00e9 de pl\u00e1stico (ABS) de 245 x 600 mm.<\/li>\n<li>Display indicador de peso de doble alto.<\/li>\n<li>Teclado protegido con membrana impermeable.<\/li>\n<\/ul>\n<\/div>\n<\/div>\n<\/div>\n<\/div>\n<\/div>\n<div class=\"wpb_column vc_column_container vc_col-sm-4\">\n<div class=\"vc_column-inner \">\n<div class=\"wpb_wrapper\">\n<div class=\"wpb_text_column wpb_content_element \">\n<div class=\"wpb_wrapper\">\n<ul class=\"list_check\">\n<li>Celda de carga con protecci\u00f3n al impacto o sobrepeso.<\/li>\n<li>Indicadores luminosos cero, tara y estabilidad.<\/li>\n<li>Comunicaci\u00f3n Serie (Norma RS 232) para conexi\u00f3n a PC. No incluye software de gesti\u00f3n.<\/li>\n<\/ul>\n<\/div>\n<\/div>\n<\/div>\n<\/div>\n<\/div>\n<div class=\"wpb_column vc_column_container vc_col-sm-4\">\n<div class=\"vc_column-inner \">\n<div class=\"wpb_wrapper\">\n<div class=\"wpb_text_column wpb_content_element \">\n<div class=\"wpb_wrapper\">\n<ul class=\"list_check\">\n<li>Alimentaci\u00f3n con bater\u00eda interna de 6 V.<\/li>\n<li>Fuente de alimentaci\u00f3n externa 110-220 VCA.<\/li>\n<li>Gabinete ABS inyectado.<\/li>\n<li>Equipo aprobado por \u00a0la Administraci\u00f3n Nacional de Medicamentos, Alimentos y Tecnolog\u00eda M\u00e9dica (ANMAT) PM 1848-2<\/li>\n<\/ul>\n<p><strong>DIMENSIONES: Ancho \/ Profundidad \/ Altura<\/strong><\/p>\n<p>Dimensiones equipo: \u00a0600 x 380 x 145 mm<\/p>\n<p>Dimensiones bandeja: 245 x 600 mm<\/p>\n<p>Dimensiones embalaje base: \u00a0450 x \u00a0450 x \u00a0205 mm<\/p>\n<p>Dimensiones embalaje bandeja: \u00a0290 x 670 x \u00a0130 mm<\/p>\n<p>&nbsp;<\/p>\n<p><strong>PESO<\/strong><\/p>\n<p>Peso neto:\u00a0 3,9 kg (sin bater\u00eda)<\/p>\n<p>Peso bruto base: 5,3 kg (sin bater\u00eda)<\/p>\n<p>Peso bruto bandeja: 1,1 kg<\/p>\n<\/div>\n<\/div>\n<\/div>\n<\/div>\n<\/div>\n","protected":false},"featured_media":754,"comment_status":"open","ping_status":"closed","template":"","meta":{"_exactmetrics_skip_tracking":false,"_exactmetrics_sitenote_active":false,"_exactmetrics_sitenote_note":"","_exactmetrics_sitenote_category":0},"product_brand":[],"product_cat":[6],"product_tag":[],"class_list":{"0":"post-753","1":"product","2":"type-product","3":"status-publish","4":"has-post-thumbnail","6":"product_cat-balanzas","7":"dc_vendor_shop-vendedor2","9":"first","10":"instock","11":"shipping-taxable","12":"product-type-simple"},"_links":{"self":[{"href":"http:\/\/franequip.com.ar\/wp2\/wp-json\/wp\/v2\/product\/753","targetHints":{"allow":["GET"]}}],"collection":[{"href":"http:\/\/franequip.com.ar\/wp2\/wp-json\/wp\/v2\/product"}],"about":[{"href":"http:\/\/franequip.com.ar\/wp2\/wp-json\/wp\/v2\/types\/product"}],"replies":[{"embeddable":true,"href":"http:\/\/franequip.com.ar\/wp2\/wp-json\/wp\/v2\/comments?post=753"}],"wp:featuredmedia":[{"embeddable":true,"href":"http:\/\/franequip.com.ar\/wp2\/wp-json\/wp\/v2\/media\/754"}],"wp:attachment":[{"href":"http:\/\/franequip.com.ar\/wp2\/wp-json\/wp\/v2\/media?parent=753"}],"wp:term":[{"taxonomy":"product_brand","embeddable":true,"href":"http:\/\/franequip.com.ar\/wp2\/wp-json\/wp\/v2\/product_brand?post=753"},{"taxonomy":"product_cat","embeddable":true,"href":"http:\/\/franequip.com.ar\/wp2\/wp-json\/wp\/v2\/product_cat?post=753"},{"taxonomy":"product_tag","embeddable":true,"href":"http:\/\/franequip.com.ar\/wp2\/wp-json\/wp\/v2\/product_tag?post=753"}],"curies":[{"name":"wp","href":"https:\/\/api.w.org\/{rel}","templated":true}]}}

<ul class="list_check">
<li>Bandeja de plástico con el tamaño adecuado para el pesaje de bebés.</li>
<li>Bandeja con forma anatómica para mayor contención</li>
<li>Funciones cero y tara</li>
<li>Función estabilizadora de peso para bebés en movimiento</li>
</ul>
<div class="wpb_column vc_column_container vc_col-sm-4">
<div class="vc_column-inner ">
<div class="wpb_wrapper">
<div class="wpb_text_column wpb_content_element ">
<div class="wpb_wrapper">
<ul class="list_check">
<li>Dimensiones generales: 380 x 600 x 145 mm.</li>
<li>Bandeja porta bebé de plástico (ABS) de 245 x 600 mm.</li>
<li>Display indicador de peso de doble alto.</li>
<li>Teclado protegido con membrana impermeable.</li>
</ul>
</div>
</div>
</div>
</div>
</div>
<div class="wpb_column vc_column_container vc_col-sm-4">
<div class="vc_column-inner ">
<div class="wpb_wrapper">
<div class="wpb_text_column wpb_content_element ">
<div class="wpb_wrapper">
<ul class="list_check">
<li>Celda de carga con protección al impacto o sobrepeso.</li>
<li>Indicadores luminosos cero, tara y estabilidad.</li>
<li>Comunicación Serie (Norma RS 232) para conexión a PC. No incluye software de gestión.</li>
</ul>
</div>
</div>
</div>
</div>
</div>
<div class="wpb_column vc_column_container vc_col-sm-4">
<div class="vc_column-inner ">
<div class="wpb_wrapper">
<div class="wpb_text_column wpb_content_element ">
<div class="wpb_wrapper">
<ul class="list_check">
<li>Alimentación con batería interna de 6 V.</li>
<li>Fuente de alimentación externa 110-220 VCA.</li>
<li>Gabinete ABS inyectado.</li>
<li>Equipo aprobado por  la Administración Nacional de Medicamentos, Alimentos y Tecnología Médica (ANMAT) PM 1848-2</li>
</ul>
<p><strong>DIMENSIONES: Ancho / Profundidad / Altura</strong></p>
<p>Dimensiones equipo:  600 x 380 x 145 mm</p>
<p>Dimensiones bandeja: 245 x 600 mm</p>
<p>Dimensiones embalaje base:  450 x  450 x  205 mm</p>
<p>Dimensiones embalaje bandeja:  290 x 670 x  130 mm</p>
<p>&nbsp;</p>
<p><strong>PESO</strong></p>
<p>Peso neto:  3,9 kg (sin batería)</p>
<p>Peso bruto base: 5,3 kg (sin batería)</p>
<p>Peso bruto bandeja: 1,1 kg</p>
</div>
</div>
</div>
</div>
</div>
