{"id":735,"date":"2015-07-25T15:20:12","date_gmt":"2015-07-25T15:20:12","guid":{"rendered":"http:\/\/franequip.com.ar\/wp2\/?post_type=product&#038;p=735"},"modified":"2019-07-04T19:54:39","modified_gmt":"2019-07-04T19:54:39","slug":"balanza-pilon-systel","status":"publish","type":"product","link":"http:\/\/franequip.com.ar\/wp2\/producto\/balanza-pilon-systel\/","title":{"rendered":"Balanza PILON Systel 300 kg y 600 kg"},"content":{"rendered":"","protected":false},"excerpt":{"rendered":"<ul class=\"list_check\">\n<li>Ante eventual corte de energ\u00eda, el equipo posee bater\u00eda para continuar funcionando.<\/li>\n<li>Comunicaci\u00f3n Serial (Norma RS 232) para conexi\u00f3n a PC o impresor. No incluye Software de gesti\u00f3n.<\/li>\n<li>Celda de carga con protecci\u00f3n\u00a0al impacto.<\/li>\n<li>Se\u00f1alizaci\u00f3n de estabilidad, impresi\u00f3n, cero, tara y segunda funci\u00f3n.<\/li>\n<li>Teclado con membrana impermeable de alta resistencia.<\/li>\n<\/ul>\n<div class=\"wpb_column vc_column_container vc_col-sm-4\">\n<div class=\"vc_column-inner \">\n<div class=\"wpb_wrapper\">\n<div class=\"wpb_text_column wpb_content_element \">\n<div class=\"wpb_wrapper\">\n<ul class=\"list_check\">\n<li>Dimensiones generales: 255 x 310 x 160 mm.<\/li>\n<li>Modelo s\u00f3lo peso.<\/li>\n<li>Doble visor indicador de peso de gran tama\u00f1o (frente y posterior).<\/li>\n<\/ul>\n<\/div>\n<\/div>\n<\/div>\n<\/div>\n<\/div>\n<div class=\"wpb_column vc_column_container vc_col-sm-4\">\n<div class=\"vc_column-inner \">\n<div class=\"wpb_wrapper\">\n<div class=\"wpb_text_column wpb_content_element \">\n<div class=\"wpb_wrapper\">\n<ul class=\"list_check\">\n<li>Gancho complementario.<\/li>\n<li>Funci\u00f3n cero y tara.<\/li>\n<li>Funci\u00f3n acumulaci\u00f3n de peso.<\/li>\n<\/ul>\n<\/div>\n<\/div>\n<\/div>\n<\/div>\n<\/div>\n<div class=\"wpb_column vc_column_container vc_col-sm-4\">\n<div class=\"vc_column-inner \">\n<div class=\"wpb_wrapper\">\n<div class=\"wpb_text_column wpb_content_element \">\n<div class=\"wpb_wrapper\">\n<ul class=\"list_check\">\n<li>Informaci\u00f3n de detecci\u00f3n de errores.<\/li>\n<li>Excepcional bajo consumo (4,5 watt en stand-by).<\/li>\n<li>Fuente de alimentaci\u00f3n externa 110-220 VCA.<\/li>\n<\/ul>\n<p><strong>DIMENSIONES: Ancho \/ Profundidad \/ Altura<\/strong><\/p>\n<p>Dimensiones equipo: 255 x \u00a0160 x \u00a0310 mm<\/p>\n<p>Dimensiones embalaje: \u00a0330 x \u00a0350 x \u00a0220 mm<\/p>\n<p><strong>PESO<\/strong><\/p>\n<p>Peso neto:\u00a0 3,7 kg (con bater\u00eda)<\/p>\n<p>Peso bruto: 5,3 kg (con bater\u00eda)<\/p>\n<p>Capacidad 300 kg y 600 kg<\/p>\n<\/div>\n<\/div>\n<\/div>\n<\/div>\n<\/div>\n","protected":false},"featured_media":1527,"comment_status":"open","ping_status":"closed","template":"","meta":{"_exactmetrics_skip_tracking":false,"_exactmetrics_sitenote_active":false,"_exactmetrics_sitenote_note":"","_exactmetrics_sitenote_category":0},"product_brand":[],"product_cat":[6],"product_tag":[],"class_list":{"0":"post-735","1":"product","2":"type-product","3":"status-publish","4":"has-post-thumbnail","6":"product_cat-balanzas","7":"dc_vendor_shop-vendedor2","9":"first","10":"instock","11":"shipping-taxable","12":"product-type-simple"},"_links":{"self":[{"href":"http:\/\/franequip.com.ar\/wp2\/wp-json\/wp\/v2\/product\/735","targetHints":{"allow":["GET"]}}],"collection":[{"href":"http:\/\/franequip.com.ar\/wp2\/wp-json\/wp\/v2\/product"}],"about":[{"href":"http:\/\/franequip.com.ar\/wp2\/wp-json\/wp\/v2\/types\/product"}],"replies":[{"embeddable":true,"href":"http:\/\/franequip.com.ar\/wp2\/wp-json\/wp\/v2\/comments?post=735"}],"wp:featuredmedia":[{"embeddable":true,"href":"http:\/\/franequip.com.ar\/wp2\/wp-json\/wp\/v2\/media\/1527"}],"wp:attachment":[{"href":"http:\/\/franequip.com.ar\/wp2\/wp-json\/wp\/v2\/media?parent=735"}],"wp:term":[{"taxonomy":"product_brand","embeddable":true,"href":"http:\/\/franequip.com.ar\/wp2\/wp-json\/wp\/v2\/product_brand?post=735"},{"taxonomy":"product_cat","embeddable":true,"href":"http:\/\/franequip.com.ar\/wp2\/wp-json\/wp\/v2\/product_cat?post=735"},{"taxonomy":"product_tag","embeddable":true,"href":"http:\/\/franequip.com.ar\/wp2\/wp-json\/wp\/v2\/product_tag?post=735"}],"curies":[{"name":"wp","href":"https:\/\/api.w.org\/{rel}","templated":true}]}}