{"id":540,"date":"2015-07-20T19:55:46","date_gmt":"2015-07-20T19:55:46","guid":{"rendered":"http:\/\/franequip.com.ar\/wp2\/?post_type=product&#038;p=540"},"modified":"2019-06-15T00:52:33","modified_gmt":"2019-06-15T00:52:33","slug":"panchera-sp-16-2000-con-calienta-pan","status":"publish","type":"product","link":"http:\/\/franequip.com.ar\/wp2\/producto\/panchera-sp-16-2000-con-calienta-pan\/","title":{"rendered":"Panchera S\/P 16 2000 con calienta pan"},"content":{"rendered":"<p>Panchera S\/P 16 2000 con calienta pan<br \/>\nCaracter\u00edsticas:<\/p>\n<p>Alto: 40  cm.<\/p>\n<p>Ancho: 33,5 cm.<\/p>\n<p>Profundidad: 20  cm.<\/p>\n<p>Capacidad : 5 lts.<\/p>\n<p>Peso: 5,400 kg.<\/p>\n<p>Alimentaci\u00f3n El\u00e9ctrica: 220V 50-60 Hz.<\/p>\n<p>Potencia elemento calefactor panchera : 0.55 Kw.<\/p>\n<p>Bacha en Acero Inox. AISI 304<\/p>\n<p>Tapa con Bisagra<\/p>\n<p>El caj\u00f3n calienta pan no consume electricidad ya que aprovecha el calor irradiado por la resistencia de la panchera (no utiliza agua).<\/p>\n","protected":false},"excerpt":{"rendered":"<p>Panchera S\/P 16 2000 con calienta pan Caracter\u00edsticas: Alto: 40 cm. Ancho: 33,5 cm. Profundidad: 20 cm. Capacidad : 5 lts. Peso: 5,400 kg. Alimentaci\u00f3n El\u00e9ctrica: 220V 50-60 Hz. Potencia elemento calefactor panchera : 0.55 Kw. Bacha en Acero Inox. AISI 304 Tapa con Bisagra El caj\u00f3n calienta pan no consume electricidad ya que aprovecha <a class=\"read-more\" href=\"http:\/\/franequip.com.ar\/wp2\/producto\/panchera-sp-16-2000-con-calienta-pan\/\">Read More<\/a><\/p>\n","protected":false},"featured_media":0,"comment_status":"open","ping_status":"closed","template":"","meta":{"_exactmetrics_skip_tracking":false,"_exactmetrics_sitenote_active":false,"_exactmetrics_sitenote_note":"","_exactmetrics_sitenote_category":0},"product_brand":[],"product_cat":[128],"product_tag":[131,130],"class_list":{"0":"post-540","1":"product","2":"type-product","3":"status-publish","5":"product_cat-pancheras","6":"product_tag-oan","7":"product_tag-pancho","8":"dc_vendor_shop-vendedor2","10":"first","11":"instock","12":"shipping-taxable","13":"product-type-simple"},"_links":{"self":[{"href":"http:\/\/franequip.com.ar\/wp2\/wp-json\/wp\/v2\/product\/540","targetHints":{"allow":["GET"]}}],"collection":[{"href":"http:\/\/franequip.com.ar\/wp2\/wp-json\/wp\/v2\/product"}],"about":[{"href":"http:\/\/franequip.com.ar\/wp2\/wp-json\/wp\/v2\/types\/product"}],"replies":[{"embeddable":true,"href":"http:\/\/franequip.com.ar\/wp2\/wp-json\/wp\/v2\/comments?post=540"}],"wp:attachment":[{"href":"http:\/\/franequip.com.ar\/wp2\/wp-json\/wp\/v2\/media?parent=540"}],"wp:term":[{"taxonomy":"product_brand","embeddable":true,"href":"http:\/\/franequip.com.ar\/wp2\/wp-json\/wp\/v2\/product_brand?post=540"},{"taxonomy":"product_cat","embeddable":true,"href":"http:\/\/franequip.com.ar\/wp2\/wp-json\/wp\/v2\/product_cat?post=540"},{"taxonomy":"product_tag","embeddable":true,"href":"http:\/\/franequip.com.ar\/wp2\/wp-json\/wp\/v2\/product_tag?post=540"}],"curies":[{"name":"wp","href":"https:\/\/api.w.org\/{rel}","templated":true}]}}