{"id":482,"date":"2015-07-20T17:37:47","date_gmt":"2015-07-20T17:37:47","guid":{"rendered":"http:\/\/franequip.com.ar\/wp2\/?post_type=product&#038;p=482"},"modified":"2019-06-15T00:52:24","modified_gmt":"2019-06-15T00:52:24","slug":"cortadora-de-fiambre-freire-300-y-330","status":"publish","type":"product","link":"http:\/\/franequip.com.ar\/wp2\/producto\/cortadora-de-fiambre-freire-300-y-330\/","title":{"rendered":"CORTADORA DE FIAMBRE FREIRE 300 Y 330"},"content":{"rendered":"<p>Totalmente realizada en aleaci\u00f3n acero inoxidable 304, afilador de precisi\u00f3n incorporado, cuchilla de acero tratado, transmisi\u00f3n por medio de engranajes.<\/p>\n<p><a href=\"http:\/\/franequip.com.ar\/wp2\/wp-content\/uploads\/2015\/07\/1-3.jpg\"><img fetchpriority=\"high\" decoding=\"async\" class=\"alignnone size-full wp-image-1086\" src=\"http:\/\/franequip.com.ar\/wp2\/wp-content\/uploads\/2015\/07\/1-3.jpg\" alt=\"1\" width=\"900\" height=\"656\" srcset=\"http:\/\/franequip.com.ar\/wp2\/wp-content\/uploads\/2015\/07\/1-3.jpg 900w, http:\/\/franequip.com.ar\/wp2\/wp-content\/uploads\/2015\/07\/1-3-300x219.jpg 300w, http:\/\/franequip.com.ar\/wp2\/wp-content\/uploads\/2015\/07\/1-3-700x510.jpg 700w, http:\/\/franequip.com.ar\/wp2\/wp-content\/uploads\/2015\/07\/1-3-768x560.jpg 768w\" sizes=\"(max-width: 900px) 100vw, 900px\" \/><\/a><\/p>\n","protected":false},"excerpt":{"rendered":"<p>Totalmente realizada en aleaci\u00f3n acero inoxidable 304, afilador de precisi\u00f3n incorporado, cuchilla de acero tratado, transmisi\u00f3n por medio de engranajes.<\/p>\n","protected":false},"featured_media":1086,"comment_status":"open","ping_status":"closed","template":"","meta":{"_exactmetrics_skip_tracking":false,"_exactmetrics_sitenote_active":false,"_exactmetrics_sitenote_note":"","_exactmetrics_sitenote_category":0},"product_brand":[],"product_cat":[117],"product_tag":[69,68,115,118],"class_list":{"0":"post-482","1":"product","2":"type-product","3":"status-publish","4":"has-post-thumbnail","6":"product_cat-cortadoras","7":"product_tag-carnes","8":"product_tag-carniceria","9":"product_tag-cortadora","10":"product_tag-freire","11":"dc_vendor_shop-vendedor2","13":"first","14":"instock","15":"shipping-taxable","16":"product-type-simple"},"_links":{"self":[{"href":"http:\/\/franequip.com.ar\/wp2\/wp-json\/wp\/v2\/product\/482","targetHints":{"allow":["GET"]}}],"collection":[{"href":"http:\/\/franequip.com.ar\/wp2\/wp-json\/wp\/v2\/product"}],"about":[{"href":"http:\/\/franequip.com.ar\/wp2\/wp-json\/wp\/v2\/types\/product"}],"replies":[{"embeddable":true,"href":"http:\/\/franequip.com.ar\/wp2\/wp-json\/wp\/v2\/comments?post=482"}],"wp:featuredmedia":[{"embeddable":true,"href":"http:\/\/franequip.com.ar\/wp2\/wp-json\/wp\/v2\/media\/1086"}],"wp:attachment":[{"href":"http:\/\/franequip.com.ar\/wp2\/wp-json\/wp\/v2\/media?parent=482"}],"wp:term":[{"taxonomy":"product_brand","embeddable":true,"href":"http:\/\/franequip.com.ar\/wp2\/wp-json\/wp\/v2\/product_brand?post=482"},{"taxonomy":"product_cat","embeddable":true,"href":"http:\/\/franequip.com.ar\/wp2\/wp-json\/wp\/v2\/product_cat?post=482"},{"taxonomy":"product_tag","embeddable":true,"href":"http:\/\/franequip.com.ar\/wp2\/wp-json\/wp\/v2\/product_tag?post=482"}],"curies":[{"name":"wp","href":"https:\/\/api.w.org\/{rel}","templated":true}]}}

<p>Totalmente realizada en aleación acero inoxidable 304, afilador de precisión incorporado, cuchilla de acero tratado, transmisión por medio de engranajes.</p>
<p><a href="http://franequip.com.ar/wp2/wp-content/uploads/2015/07/1-3.jpg"><img fetchpriority="high" decoding="async" class="alignnone size-full wp-image-1086" src="http://franequip.com.ar/wp2/wp-content/uploads/2015/07/1-3.jpg" alt="1" width="900" height="656" srcset="http://franequip.com.ar/wp2/wp-content/uploads/2015/07/1-3.jpg 900w, http://franequip.com.ar/wp2/wp-content/uploads/2015/07/1-3-300x219.jpg 300w, http://franequip.com.ar/wp2/wp-content/uploads/2015/07/1-3-700x510.jpg 700w, http://franequip.com.ar/wp2/wp-content/uploads/2015/07/1-3-768x560.jpg 768w" sizes="(max-width: 900px) 100vw, 900px" /></a></p>

<p>Totalmente realizada en aleación acero inoxidable 304, afilador de precisión incorporado, cuchilla de acero tratado, transmisión por medio de engranajes.</p>
