{"id":44,"date":"2015-07-15T17:44:50","date_gmt":"2015-07-15T17:44:50","guid":{"rendered":"http:\/\/franequip.com.ar\/wp2\/?post_type=product&#038;p=44"},"modified":"2019-06-15T00:51:07","modified_gmt":"2019-06-15T00:51:07","slug":"cocina-tecno-calor-familiar-sonia-semi-industrial","status":"publish","type":"product","link":"http:\/\/franequip.com.ar\/wp2\/producto\/cocina-tecno-calor-familiar-sonia-semi-industrial\/","title":{"rendered":"Cocina Tecno Calor Familiar Sonia Semi Industrial"},"content":{"rendered":"<p>Cocina Tecno Calor Familiar Sonia Semi Industrial<\/p>\n<p>Sonia Semi Industrial<br \/>\nCaracter\u00edsticas<br \/>\n4 Hornallas<br \/>\n1 Horno<br \/>\nEstr.: de hierro \u00e1ngulo soldado<br \/>\nExterior: Acero Inox. 304 mate<br \/>\nMarco Superior: Acero Inox. 430 esmerilado<br \/>\nInterior: En cer\u00e1mico termorefractario.<br \/>\nRejilla y quemadores fund. gris<\/p>\n<p>Medidas\t <\/p>\n<p>S1<br \/>\nFrente: 0.600<br \/>\nProfundidad: 0.600<br \/>\nAltura: 0.820<br \/>\nS2<br \/>\nFrente: 0.650<br \/>\nProfundidad: 0.650<br \/>\nAltura: 0.820<\/p>\n","protected":false},"excerpt":{"rendered":"<p>Cocina Tecno Calor Familiar Sonia Semi Industrial Sonia Semi Industrial Caracter\u00edsticas 4 Hornallas 1 Horno Estr.: de hierro \u00e1ngulo soldado Exterior: Acero Inox. 304 mate Marco Superior: Acero Inox. 430 esmerilado Interior: En cer\u00e1mico termorefractario. Rejilla y quemadores fund. gris Medidas S1 Frente: 0.600 Profundidad: 0.600 Altura: 0.820 S2 Frente: 0.650 Profundidad: 0.650 Altura: 0.820<\/p>\n","protected":false},"featured_media":45,"comment_status":"open","ping_status":"closed","template":"","meta":{"_exactmetrics_skip_tracking":false,"_exactmetrics_sitenote_active":false,"_exactmetrics_sitenote_note":"","_exactmetrics_sitenote_category":0},"product_brand":[],"product_cat":[12],"product_tag":[13,16,18,14],"class_list":{"0":"post-44","1":"product","2":"type-product","3":"status-publish","4":"has-post-thumbnail","6":"product_cat-cocinas","7":"product_tag-cocina","8":"product_tag-familiar","9":"product_tag-industrial","10":"product_tag-tecnocalor","11":"dc_vendor_shop-vendedor2","13":"first","14":"instock","15":"shipping-taxable","16":"product-type-simple"},"_links":{"self":[{"href":"http:\/\/franequip.com.ar\/wp2\/wp-json\/wp\/v2\/product\/44","targetHints":{"allow":["GET"]}}],"collection":[{"href":"http:\/\/franequip.com.ar\/wp2\/wp-json\/wp\/v2\/product"}],"about":[{"href":"http:\/\/franequip.com.ar\/wp2\/wp-json\/wp\/v2\/types\/product"}],"replies":[{"embeddable":true,"href":"http:\/\/franequip.com.ar\/wp2\/wp-json\/wp\/v2\/comments?post=44"}],"wp:featuredmedia":[{"embeddable":true,"href":"http:\/\/franequip.com.ar\/wp2\/wp-json\/wp\/v2\/media\/45"}],"wp:attachment":[{"href":"http:\/\/franequip.com.ar\/wp2\/wp-json\/wp\/v2\/media?parent=44"}],"wp:term":[{"taxonomy":"product_brand","embeddable":true,"href":"http:\/\/franequip.com.ar\/wp2\/wp-json\/wp\/v2\/product_brand?post=44"},{"taxonomy":"product_cat","embeddable":true,"href":"http:\/\/franequip.com.ar\/wp2\/wp-json\/wp\/v2\/product_cat?post=44"},{"taxonomy":"product_tag","embeddable":true,"href":"http:\/\/franequip.com.ar\/wp2\/wp-json\/wp\/v2\/product_tag?post=44"}],"curies":[{"name":"wp","href":"https:\/\/api.w.org\/{rel}","templated":true}]}}