{"id":226,"date":"2015-07-16T17:03:38","date_gmt":"2015-07-16T17:03:38","guid":{"rendered":"http:\/\/franequip.com.ar\/wp2\/?post_type=product&#038;p=226"},"modified":"2019-06-15T00:51:52","modified_gmt":"2019-06-15T00:51:52","slug":"pozo-de-frio-conservadora-de-helado-pf-900","status":"publish","type":"product","link":"http:\/\/franequip.com.ar\/wp2\/producto\/pozo-de-frio-conservadora-de-helado-pf-900\/","title":{"rendered":"POZO DE FRIO &#8211; Conservadora de helado PF 900"},"content":{"rendered":"<p>&#8211; Gabinete exterior constru\u00eddo en chapa blanca prepintada con film protector.<\/p>\n<p>&#8211; Gabinete interior en chapa blanca prepintada.<\/p>\n<p>&#8211; Condensaci\u00f3n forzada.<\/p>\n<p>&#8211; Tapa de vidrio deslizable de baja emisividad.<\/p>\n<p>&#8211; Desagote.<\/p>\n<p>&#8211; Canastos met\u00e1licos (opcionales).<\/p>\n<p>&#8211; Gas ecol\u00f3gico.<\/p>\n<p>&#8211; Temperatura de trabajo -18 \/ -25*C.<\/p>\n<p>Capacidad: 900 Litros<\/p>\n<p>Tensi\u00f3n: 220\/240 V \/ 50 Hz<\/p>\n<p>Motocompresor: 3\/4 HP<\/p>\n<p>Peso: 114 Kg<\/p>\n<p>Medidas: 1980x890x870mm<\/p>\n<p>Refrigerante: R 404<\/p>\n","protected":false},"excerpt":{"rendered":"<p>&#8211; Gabinete exterior constru\u00eddo en chapa blanca prepintada con film protector. &#8211; Gabinete interior en chapa blanca prepintada. &#8211; Condensaci\u00f3n forzada. &#8211; Tapa de vidrio deslizable de baja emisividad. &#8211; Desagote. &#8211; Canastos met\u00e1licos (opcionales). &#8211; Gas ecol\u00f3gico. &#8211; Temperatura de trabajo -18 \/ -25*C. Capacidad: 900 Litros Tensi\u00f3n: 220\/240 V \/ 50 Hz Motocompresor: <a class=\"read-more\" href=\"http:\/\/franequip.com.ar\/wp2\/producto\/pozo-de-frio-conservadora-de-helado-pf-900\/\">Read More<\/a><\/p>\n","protected":false},"featured_media":227,"comment_status":"open","ping_status":"closed","template":"","meta":{"_exactmetrics_skip_tracking":false,"_exactmetrics_sitenote_active":false,"_exactmetrics_sitenote_note":"","_exactmetrics_sitenote_category":0},"product_brand":[],"product_cat":[46,53],"product_tag":[47,55,50,56,48],"class_list":{"0":"post-226","1":"product","2":"type-product","3":"status-publish","4":"has-post-thumbnail","6":"product_cat-conservadoras","7":"product_cat-freezers","8":"product_tag-conservadora","9":"product_tag-freezer","10":"product_tag-frio","11":"product_tag-pozo-de-frio","12":"product_tag-silken","13":"dc_vendor_shop-vendedor2","15":"first","16":"instock","17":"shipping-taxable","18":"product-type-simple"},"_links":{"self":[{"href":"http:\/\/franequip.com.ar\/wp2\/wp-json\/wp\/v2\/product\/226","targetHints":{"allow":["GET"]}}],"collection":[{"href":"http:\/\/franequip.com.ar\/wp2\/wp-json\/wp\/v2\/product"}],"about":[{"href":"http:\/\/franequip.com.ar\/wp2\/wp-json\/wp\/v2\/types\/product"}],"replies":[{"embeddable":true,"href":"http:\/\/franequip.com.ar\/wp2\/wp-json\/wp\/v2\/comments?post=226"}],"wp:featuredmedia":[{"embeddable":true,"href":"http:\/\/franequip.com.ar\/wp2\/wp-json\/wp\/v2\/media\/227"}],"wp:attachment":[{"href":"http:\/\/franequip.com.ar\/wp2\/wp-json\/wp\/v2\/media?parent=226"}],"wp:term":[{"taxonomy":"product_brand","embeddable":true,"href":"http:\/\/franequip.com.ar\/wp2\/wp-json\/wp\/v2\/product_brand?post=226"},{"taxonomy":"product_cat","embeddable":true,"href":"http:\/\/franequip.com.ar\/wp2\/wp-json\/wp\/v2\/product_cat?post=226"},{"taxonomy":"product_tag","embeddable":true,"href":"http:\/\/franequip.com.ar\/wp2\/wp-json\/wp\/v2\/product_tag?post=226"}],"curies":[{"name":"wp","href":"https:\/\/api.w.org\/{rel}","templated":true}]}}

<p>&#8211; Gabinete exterior construído en chapa blanca prepintada con film protector.</p>
<p>&#8211; Gabinete interior en chapa blanca prepintada.</p>
<p>&#8211; Condensación forzada.</p>
<p>&#8211; Tapa de vidrio deslizable de baja emisividad.</p>
<p>&#8211; Desagote.</p>
<p>&#8211; Canastos metálicos (opcionales).</p>
<p>&#8211; Gas ecológico.</p>
<p>&#8211; Temperatura de trabajo -18 / -25*C.</p>
<p>Capacidad: 900 Litros</p>
<p>Tensión: 220/240 V / 50 Hz</p>
<p>Motocompresor: 3/4 HP</p>
<p>Peso: 114 Kg</p>
<p>Medidas: 1980x890x870mm</p>
<p>Refrigerante: R 404</p>

<p>&#8211; Gabinete exterior construído en chapa blanca prepintada con film protector. &#8211; Gabinete interior en chapa blanca prepintada. &#8211; Condensación forzada. &#8211; Tapa de vidrio deslizable de baja emisividad. &#8211; Desagote. &#8211; Canastos metálicos (opcionales). &#8211; Gas ecológico. &#8211; Temperatura de trabajo -18 / -25*C. Capacidad: 900 Litros Tensión: 220/240 V / 50 Hz Motocompresor: <a class="read-more" href="http://franequip.com.ar/wp2/producto/pozo-de-frio-conservadora-de-helado-pf-900/">Read More</a></p>
