{"id":182,"date":"2015-07-16T03:32:16","date_gmt":"2015-07-16T03:32:16","guid":{"rendered":"http:\/\/franequip.com.ar\/wp2\/?post_type=product&#038;p=182"},"modified":"2019-06-15T00:51:45","modified_gmt":"2019-06-15T00:51:45","slug":"conservadora-silken-c-16-tapa-corrediza","status":"publish","type":"product","link":"http:\/\/franequip.com.ar\/wp2\/producto\/conservadora-silken-c-16-tapa-corrediza\/","title":{"rendered":"CONSERVADORA SILKEN C 16 tapa corrediza"},"content":{"rendered":"<h2><\/h2>\n<h2>&#8211; Capacidad de baldes: 8+8.<\/h2>\n<p>&#8211; Gabinete exterior constru\u00eddo en chapa blanca prepintada con film protector.<\/p>\n<p>&#8211; Gabinete interior galvanizado.<\/p>\n<p>&#8211; Condensaci\u00f3n forzada.<\/p>\n<p>&#8211; Tapa de chapa blanca prepintada corrediza.<\/p>\n<p>&#8211; Desagote.<\/p>\n<p>&#8211; Gas ecol\u00f3gico.<\/p>\n<p>&#8211; Temperatura de trabajo: -18 \/ -22*C.<\/p>\n<p>&nbsp;<\/p>\n<p>Capacidad: 16 Baldes<\/p>\n<p>Tensi\u00f3n: 220\/240 V \/ 50 Hz<\/p>\n<p>Motocompresor: 1\/4+ HP<\/p>\n<p>Peso: 53 Kg<\/p>\n<p>Medidas: 1100x1000x580mm<\/p>\n<p>Refrigerante: R 134 a<\/p>\n","protected":false},"excerpt":{"rendered":"<p>&#8211; Capacidad de baldes: 8+8. &#8211; Gabinete exterior constru\u00eddo en chapa blanca prepintada con film protector. &#8211; Gabinete interior galvanizado. &#8211; Condensaci\u00f3n forzada. &#8211; Tapa de chapa blanca prepintada corrediza. &#8211; Desagote. &#8211; Gas ecol\u00f3gico. &#8211; Temperatura de trabajo: -18 \/ -22*C. &nbsp; Capacidad: 16 Baldes Tensi\u00f3n: 220\/240 V \/ 50 Hz Motocompresor: 1\/4+ HP <a class=\"read-more\" href=\"http:\/\/franequip.com.ar\/wp2\/producto\/conservadora-silken-c-16-tapa-corrediza\/\">Read More<\/a><\/p>\n","protected":false},"featured_media":183,"comment_status":"open","ping_status":"closed","template":"","meta":{"_exactmetrics_skip_tracking":false,"_exactmetrics_sitenote_active":false,"_exactmetrics_sitenote_note":"","_exactmetrics_sitenote_category":0},"product_brand":[],"product_cat":[46],"product_tag":[47,49,48],"class_list":{"0":"post-182","1":"product","2":"type-product","3":"status-publish","4":"has-post-thumbnail","6":"product_cat-conservadoras","7":"product_tag-conservadora","8":"product_tag-helado","9":"product_tag-silken","10":"dc_vendor_shop-vendedor2","12":"first","13":"instock","14":"shipping-taxable","15":"product-type-simple"},"_links":{"self":[{"href":"http:\/\/franequip.com.ar\/wp2\/wp-json\/wp\/v2\/product\/182","targetHints":{"allow":["GET"]}}],"collection":[{"href":"http:\/\/franequip.com.ar\/wp2\/wp-json\/wp\/v2\/product"}],"about":[{"href":"http:\/\/franequip.com.ar\/wp2\/wp-json\/wp\/v2\/types\/product"}],"replies":[{"embeddable":true,"href":"http:\/\/franequip.com.ar\/wp2\/wp-json\/wp\/v2\/comments?post=182"}],"wp:featuredmedia":[{"embeddable":true,"href":"http:\/\/franequip.com.ar\/wp2\/wp-json\/wp\/v2\/media\/183"}],"wp:attachment":[{"href":"http:\/\/franequip.com.ar\/wp2\/wp-json\/wp\/v2\/media?parent=182"}],"wp:term":[{"taxonomy":"product_brand","embeddable":true,"href":"http:\/\/franequip.com.ar\/wp2\/wp-json\/wp\/v2\/product_brand?post=182"},{"taxonomy":"product_cat","embeddable":true,"href":"http:\/\/franequip.com.ar\/wp2\/wp-json\/wp\/v2\/product_cat?post=182"},{"taxonomy":"product_tag","embeddable":true,"href":"http:\/\/franequip.com.ar\/wp2\/wp-json\/wp\/v2\/product_tag?post=182"}],"curies":[{"name":"wp","href":"https:\/\/api.w.org\/{rel}","templated":true}]}}

<h2></h2>
<h2>&#8211; Capacidad de baldes: 8+8.</h2>
<p>&#8211; Gabinete exterior construído en chapa blanca prepintada con film protector.</p>
<p>&#8211; Gabinete interior galvanizado.</p>
<p>&#8211; Condensación forzada.</p>
<p>&#8211; Tapa de chapa blanca prepintada corrediza.</p>
<p>&#8211; Desagote.</p>
<p>&#8211; Gas ecológico.</p>
<p>&#8211; Temperatura de trabajo: -18 / -22*C.</p>
<p>&nbsp;</p>
<p>Capacidad: 16 Baldes</p>
<p>Tensión: 220/240 V / 50 Hz</p>
<p>Motocompresor: 1/4+ HP</p>
<p>Peso: 53 Kg</p>
<p>Medidas: 1100x1000x580mm</p>
<p>Refrigerante: R 134 a</p>

<p>&#8211; Capacidad de baldes: 8+8. &#8211; Gabinete exterior construído en chapa blanca prepintada con film protector. &#8211; Gabinete interior galvanizado. &#8211; Condensación forzada. &#8211; Tapa de chapa blanca prepintada corrediza. &#8211; Desagote. &#8211; Gas ecológico. &#8211; Temperatura de trabajo: -18 / -22*C. &nbsp; Capacidad: 16 Baldes Tensión: 220/240 V / 50 Hz Motocompresor: 1/4+ HP <a class="read-more" href="http://franequip.com.ar/wp2/producto/conservadora-silken-c-16-tapa-corrediza/">Read More</a></p>
