{"id":157,"date":"2015-07-15T22:01:52","date_gmt":"2015-07-15T22:01:52","guid":{"rendered":"http:\/\/franequip.com.ar\/wp2\/?post_type=product&#038;p=157"},"modified":"2019-06-15T00:51:43","modified_gmt":"2019-06-15T00:51:43","slug":"horno-tecno-calor-pizero-pastelero-18-moldes-ac-304","status":"publish","type":"product","link":"http:\/\/franequip.com.ar\/wp2\/producto\/horno-tecno-calor-pizero-pastelero-18-moldes-ac-304\/","title":{"rendered":"HORNO Tecno Calor Pizero PASTELERO 18 MOLDES AC 304"},"content":{"rendered":"<p>HORNO Tecno Calor Pizero PASTELERO 18 MOLDES AC 304<\/p>\n<p>Pizzero Pastelero 18<br \/>\nCaracter\u00edsticas<br \/>\nEstructura: de Hierro Soldado<br \/>\nInterior: Revestido en cer\u00e1mico termorefractario<br \/>\nExterior: Acero inox. 304 mate<br \/>\nManija: Ca\u00f1o ac. inox y mango de madera<br \/>\nGasificaci\u00f3n quemadores con mando<br \/>\nindividual <\/p>\n<p>Medidas<\/p>\n<p>Frente: 1.370<br \/>\nProfundidad: 0.950<br \/>\nAltura: 0.500<br \/>\nQuem.: 6<\/p>\n","protected":false},"excerpt":{"rendered":"<p>HORNO Tecno Calor Pizero PASTELERO 18 MOLDES AC 304 Pizzero Pastelero 18 Caracter\u00edsticas Estructura: de Hierro Soldado Interior: Revestido en cer\u00e1mico termorefractario Exterior: Acero inox. 304 mate Manija: Ca\u00f1o ac. inox y mango de madera Gasificaci\u00f3n quemadores con mando individual Medidas Frente: 1.370 Profundidad: 0.950 Altura: 0.500 Quem.: 6<\/p>\n","protected":false},"featured_media":158,"comment_status":"open","ping_status":"closed","template":"","meta":{"_exactmetrics_skip_tracking":false,"_exactmetrics_sitenote_active":false,"_exactmetrics_sitenote_note":"","_exactmetrics_sitenote_category":0},"product_brand":[],"product_cat":[20],"product_tag":[21,23,22,14],"class_list":{"0":"post-157","1":"product","2":"type-product","3":"status-publish","4":"has-post-thumbnail","6":"product_cat-hornos","7":"product_tag-horno","8":"product_tag-pastelero","9":"product_tag-pizero","10":"product_tag-tecnocalor","11":"dc_vendor_shop-vendedor2","13":"first","14":"instock","15":"shipping-taxable","16":"product-type-simple"},"_links":{"self":[{"href":"http:\/\/franequip.com.ar\/wp2\/wp-json\/wp\/v2\/product\/157","targetHints":{"allow":["GET"]}}],"collection":[{"href":"http:\/\/franequip.com.ar\/wp2\/wp-json\/wp\/v2\/product"}],"about":[{"href":"http:\/\/franequip.com.ar\/wp2\/wp-json\/wp\/v2\/types\/product"}],"replies":[{"embeddable":true,"href":"http:\/\/franequip.com.ar\/wp2\/wp-json\/wp\/v2\/comments?post=157"}],"wp:featuredmedia":[{"embeddable":true,"href":"http:\/\/franequip.com.ar\/wp2\/wp-json\/wp\/v2\/media\/158"}],"wp:attachment":[{"href":"http:\/\/franequip.com.ar\/wp2\/wp-json\/wp\/v2\/media?parent=157"}],"wp:term":[{"taxonomy":"product_brand","embeddable":true,"href":"http:\/\/franequip.com.ar\/wp2\/wp-json\/wp\/v2\/product_brand?post=157"},{"taxonomy":"product_cat","embeddable":true,"href":"http:\/\/franequip.com.ar\/wp2\/wp-json\/wp\/v2\/product_cat?post=157"},{"taxonomy":"product_tag","embeddable":true,"href":"http:\/\/franequip.com.ar\/wp2\/wp-json\/wp\/v2\/product_tag?post=157"}],"curies":[{"name":"wp","href":"https:\/\/api.w.org\/{rel}","templated":true}]}}