{"id":1560,"date":"2019-07-11T17:38:19","date_gmt":"2019-07-11T17:38:19","guid":{"rendered":"http:\/\/franequip.com.ar\/wp2\/?post_type=product&#038;p=1560"},"modified":"2019-07-11T17:38:22","modified_gmt":"2019-07-11T17:38:22","slug":"balanza-para-personas-urbe-systel","status":"publish","type":"product","link":"http:\/\/franequip.com.ar\/wp2\/producto\/balanza-para-personas-urbe-systel\/","title":{"rendered":"Balanza para personas Urbe Systel"},"content":{"rendered":"","protected":false},"excerpt":{"rendered":"<div class=\"wpb_column vc_column_container vc_col-sm-4\">\n<div class=\"vc_column-inner \">\n<div class=\"wpb_wrapper\">\n<div class=\"wpb_text_column wpb_content_element \">\n<div class=\"wpb_wrapper\">\n<ul class=\"list_check\">\n<li>Visor indicador de peso de doble alto y 6 d\u00edgitos.<\/li>\n<li>Cabezal ABS inyectado con inclinaci\u00f3n regulable.<\/li>\n<li>Plataforma de dise\u00f1o extra-bajo (100 mm.) con piso de goma antideslizante de 402 x 425 mm.<\/li>\n<\/ul>\n<\/div>\n<\/div>\n<\/div>\n<\/div>\n<\/div>\n<div class=\"wpb_column vc_column_container vc_col-sm-4\">\n<div class=\"vc_column-inner \">\n<div class=\"wpb_wrapper\">\n<div class=\"wpb_text_column wpb_content_element \">\n<div class=\"wpb_wrapper\">\n<ul class=\"list_check\">\n<li>Patas de goma antideslizante de altura regulable.<\/li>\n<li>Comunicaci\u00f3n Serie (Norma RS 232) para conexi\u00f3n a PC. No incluye soft de gesti\u00f3n.<\/li>\n<li>Ideal para farmacias, cl\u00ednicas, gimnasios, etc.<\/li>\n<\/ul>\n<\/div>\n<\/div>\n<\/div>\n<\/div>\n<\/div>\n<div class=\"wpb_column vc_column_container vc_col-sm-4\">\n<div class=\"vc_column-inner \">\n<div class=\"wpb_wrapper\">\n<div class=\"wpb_text_column wpb_content_element \">\n<div class=\"wpb_wrapper\">\n<ul class=\"list_check\">\n<li>Excepcional bajo consumo.<\/li>\n<li>Celda de carga con protecci\u00f3n al impacto o sobrepeso.<\/li>\n<li>Equipo aprobado por \u00a0la Administraci\u00f3n Nacional de Medicamentos, Alimentos y Tecnolog\u00eda M\u00e9dica (ANMAT) PM 1848-1<\/li>\n<\/ul>\n<ul class=\"list_check\">\n<li>Excepcional bajo consumo con la mayor operatividad.<\/li>\n<li>Celda de carga con protecci\u00f3n al impacto o sobrepeso.<\/li>\n<li>Resistencia ante el elevado tr\u00e1nsito o alta rotaci\u00f3n de las personas.<\/li>\n<li>Pesaje de hasta 300 kg.<\/li>\n<li>Opcional: sistema de barandas para personas con problemas de psicomotricidad, con sobrepeso y\/o personas de la tercera edad.<\/li>\n<\/ul>\n<p><strong>DIMENSIONES: Ancho \/ Profundidad \/ Altura<\/strong><\/p>\n<p>Dimensiones equipo: \u00a0402 x \u00a0704 x \u00a01058 mm<\/p>\n<p>Dimensiones plataforma: 402 x 425 mm (altura 77 mm)<\/p>\n<p>Dimensiones embalaje: \u00a0490 x \u00a01060 x \u00a0200 mm<\/p>\n<p>&nbsp;<\/p>\n<p><strong>PESO<\/strong><\/p>\n<p>Peso neto:\u00a0 11,0 kg<\/p>\n<p>Peso bruto:\u00a0 15,3 kg<\/p>\n<\/div>\n<p><strong>CAPACIDAD:\u00a0 300 KG<\/strong><\/p>\n<\/div>\n<\/div>\n<\/div>\n<\/div>\n","protected":false},"featured_media":1562,"comment_status":"open","ping_status":"closed","template":"","meta":{"_exactmetrics_skip_tracking":false,"_exactmetrics_sitenote_active":false,"_exactmetrics_sitenote_note":"","_exactmetrics_sitenote_category":0},"product_brand":[],"product_cat":[6],"product_tag":[],"class_list":{"0":"post-1560","1":"product","2":"type-product","3":"status-publish","4":"has-post-thumbnail","6":"product_cat-balanzas","7":"dc_vendor_shop-vendedor2","9":"first","10":"instock","11":"shipping-taxable","12":"product-type-simple"},"_links":{"self":[{"href":"http:\/\/franequip.com.ar\/wp2\/wp-json\/wp\/v2\/product\/1560","targetHints":{"allow":["GET"]}}],"collection":[{"href":"http:\/\/franequip.com.ar\/wp2\/wp-json\/wp\/v2\/product"}],"about":[{"href":"http:\/\/franequip.com.ar\/wp2\/wp-json\/wp\/v2\/types\/product"}],"replies":[{"embeddable":true,"href":"http:\/\/franequip.com.ar\/wp2\/wp-json\/wp\/v2\/comments?post=1560"}],"wp:featuredmedia":[{"embeddable":true,"href":"http:\/\/franequip.com.ar\/wp2\/wp-json\/wp\/v2\/media\/1562"}],"wp:attachment":[{"href":"http:\/\/franequip.com.ar\/wp2\/wp-json\/wp\/v2\/media?parent=1560"}],"wp:term":[{"taxonomy":"product_brand","embeddable":true,"href":"http:\/\/franequip.com.ar\/wp2\/wp-json\/wp\/v2\/product_brand?post=1560"},{"taxonomy":"product_cat","embeddable":true,"href":"http:\/\/franequip.com.ar\/wp2\/wp-json\/wp\/v2\/product_cat?post=1560"},{"taxonomy":"product_tag","embeddable":true,"href":"http:\/\/franequip.com.ar\/wp2\/wp-json\/wp\/v2\/product_tag?post=1560"}],"curies":[{"name":"wp","href":"https:\/\/api.w.org\/{rel}","templated":true}]}}

<div class="wpb_column vc_column_container vc_col-sm-4">
<div class="vc_column-inner ">
<div class="wpb_wrapper">
<div class="wpb_text_column wpb_content_element ">
<div class="wpb_wrapper">
<ul class="list_check">
<li>Visor indicador de peso de doble alto y 6 dígitos.</li>
<li>Cabezal ABS inyectado con inclinación regulable.</li>
<li>Plataforma de diseño extra-bajo (100 mm.) con piso de goma antideslizante de 402 x 425 mm.</li>
</ul>
</div>
</div>
</div>
</div>
</div>
<div class="wpb_column vc_column_container vc_col-sm-4">
<div class="vc_column-inner ">
<div class="wpb_wrapper">
<div class="wpb_text_column wpb_content_element ">
<div class="wpb_wrapper">
<ul class="list_check">
<li>Patas de goma antideslizante de altura regulable.</li>
<li>Comunicación Serie (Norma RS 232) para conexión a PC. No incluye soft de gestión.</li>
<li>Ideal para farmacias, clínicas, gimnasios, etc.</li>
</ul>
</div>
</div>
</div>
</div>
</div>
<div class="wpb_column vc_column_container vc_col-sm-4">
<div class="vc_column-inner ">
<div class="wpb_wrapper">
<div class="wpb_text_column wpb_content_element ">
<div class="wpb_wrapper">
<ul class="list_check">
<li>Excepcional bajo consumo.</li>
<li>Celda de carga con protección al impacto o sobrepeso.</li>
<li>Equipo aprobado por  la Administración Nacional de Medicamentos, Alimentos y Tecnología Médica (ANMAT) PM 1848-1</li>
</ul>
<ul class="list_check">
<li>Excepcional bajo consumo con la mayor operatividad.</li>
<li>Celda de carga con protección al impacto o sobrepeso.</li>
<li>Resistencia ante el elevado tránsito o alta rotación de las personas.</li>
<li>Pesaje de hasta 300 kg.</li>
<li>Opcional: sistema de barandas para personas con problemas de psicomotricidad, con sobrepeso y/o personas de la tercera edad.</li>
</ul>
<p><strong>DIMENSIONES: Ancho / Profundidad / Altura</strong></p>
<p>Dimensiones equipo:  402 x  704 x  1058 mm</p>
<p>Dimensiones plataforma: 402 x 425 mm (altura 77 mm)</p>
<p>Dimensiones embalaje:  490 x  1060 x  200 mm</p>
<p>&nbsp;</p>
<p><strong>PESO</strong></p>
<p>Peso neto:  11,0 kg</p>
<p>Peso bruto:  15,3 kg</p>
</div>
<p><strong>CAPACIDAD:  300 KG</strong></p>
</div>
</div>
</div>
</div>
