{"id":1556,"date":"2019-07-11T17:27:41","date_gmt":"2019-07-11T17:27:41","guid":{"rendered":"http:\/\/franequip.com.ar\/wp2\/?post_type=product&#038;p=1556"},"modified":"2019-07-11T17:27:42","modified_gmt":"2019-07-11T17:27:42","slug":"balanza-komba-systel","status":"publish","type":"product","link":"http:\/\/franequip.com.ar\/wp2\/producto\/balanza-komba-systel\/","title":{"rendered":"Balanza Komba Systel"},"content":{"rendered":"","protected":false},"excerpt":{"rendered":"<ul class=\"list_check\">\n<li>Estructura robusta y a la vez liviana.<\/li>\n<li>Su cabezal permite registrar distintos grados de inclinaci\u00f3n, logrando mayor versatilidad.<\/li>\n<li>Celda de carga con protecci\u00f3n al sobrepeso.<\/li>\n<li>Plataforma resistente\u00a0realizada en acero inoxidable .<\/li>\n<\/ul>\n<div class=\"wpb_column vc_column_container vc_col-sm-4\">\n<div class=\"vc_column-inner \">\n<div class=\"wpb_wrapper\">\n<div class=\"wpb_text_column wpb_content_element \">\n<div class=\"wpb_wrapper\">\n<ul class=\"list_check\">\n<li>Plataforma de acero inoxidable de 570 x 450 mm.<\/li>\n<li>Comunicaci\u00f3n Serie (Norma RS 232) para conexi\u00f3n a PC o impresor. No incluye soft de gesti\u00f3n.<\/li>\n<li>Tara ingresable por peso.<\/li>\n<\/ul>\n<\/div>\n<\/div>\n<\/div>\n<\/div>\n<\/div>\n<div class=\"wpb_column vc_column_container vc_col-sm-4\">\n<div class=\"vc_column-inner \">\n<div class=\"wpb_wrapper\">\n<div class=\"wpb_text_column wpb_content_element \">\n<div class=\"wpb_wrapper\">\n<ul class=\"list_check\">\n<li>Funci\u00f3n acumulaci\u00f3n de peso.<\/li>\n<li>Excepcional bajo consumo (6 watt en stand-by).<\/li>\n<li>Fuente de alimentaci\u00f3n externa 110-220 VCA.<\/li>\n<\/ul>\n<\/div>\n<\/div>\n<\/div>\n<\/div>\n<\/div>\n<div class=\"wpb_column vc_column_container vc_col-sm-4\">\n<div class=\"vc_column-inner \">\n<div class=\"wpb_wrapper\">\n<div class=\"wpb_text_column wpb_content_element \">\n<div class=\"wpb_wrapper\">\n<ul class=\"list_check\">\n<li>Modelo s\u00f3lo peso.<\/li>\n<li>Teclado protegido con membrana impermeable.<\/li>\n<\/ul>\n<p><strong>DIMENSIONES: Ancho \/ Profundidad \/ Altura<\/strong><\/p>\n<p>Dimensiones equipo: \u00a0483 x \u00a0686 x \u00a0832 mm<\/p>\n<p>Dimensiones bandeja: 450 x 570 mm<\/p>\n<p>Dimensiones embalaje: \u00a0490 x \u00a01060 x 200 mm<\/p>\n<p>&nbsp;<\/p>\n<p><strong>PESO<\/strong><\/p>\n<p>Peso neto:\u00a0 15,9 kg<\/p>\n<p>Peso bruto: 19,4 kg<\/p>\n<\/div>\n<p><b>\u00a0CAPACIDAD:\u00a0\u00a0<\/b><\/p>\n<p>150 KG Y 300 KG<\/p>\n<\/div>\n<\/div>\n<\/div>\n<\/div>\n","protected":false},"featured_media":1558,"comment_status":"open","ping_status":"closed","template":"","meta":{"_exactmetrics_skip_tracking":false,"_exactmetrics_sitenote_active":false,"_exactmetrics_sitenote_note":"","_exactmetrics_sitenote_category":0},"product_brand":[],"product_cat":[6],"product_tag":[],"class_list":{"0":"post-1556","1":"product","2":"type-product","3":"status-publish","4":"has-post-thumbnail","6":"product_cat-balanzas","7":"dc_vendor_shop-vendedor2","9":"first","10":"instock","11":"shipping-taxable","12":"product-type-simple"},"_links":{"self":[{"href":"http:\/\/franequip.com.ar\/wp2\/wp-json\/wp\/v2\/product\/1556","targetHints":{"allow":["GET"]}}],"collection":[{"href":"http:\/\/franequip.com.ar\/wp2\/wp-json\/wp\/v2\/product"}],"about":[{"href":"http:\/\/franequip.com.ar\/wp2\/wp-json\/wp\/v2\/types\/product"}],"replies":[{"embeddable":true,"href":"http:\/\/franequip.com.ar\/wp2\/wp-json\/wp\/v2\/comments?post=1556"}],"wp:featuredmedia":[{"embeddable":true,"href":"http:\/\/franequip.com.ar\/wp2\/wp-json\/wp\/v2\/media\/1558"}],"wp:attachment":[{"href":"http:\/\/franequip.com.ar\/wp2\/wp-json\/wp\/v2\/media?parent=1556"}],"wp:term":[{"taxonomy":"product_brand","embeddable":true,"href":"http:\/\/franequip.com.ar\/wp2\/wp-json\/wp\/v2\/product_brand?post=1556"},{"taxonomy":"product_cat","embeddable":true,"href":"http:\/\/franequip.com.ar\/wp2\/wp-json\/wp\/v2\/product_cat?post=1556"},{"taxonomy":"product_tag","embeddable":true,"href":"http:\/\/franequip.com.ar\/wp2\/wp-json\/wp\/v2\/product_tag?post=1556"}],"curies":[{"name":"wp","href":"https:\/\/api.w.org\/{rel}","templated":true}]}}

<ul class="list_check">
<li>Estructura robusta y a la vez liviana.</li>
<li>Su cabezal permite registrar distintos grados de inclinación, logrando mayor versatilidad.</li>
<li>Celda de carga con protección al sobrepeso.</li>
<li>Plataforma resistente realizada en acero inoxidable .</li>
</ul>
<div class="wpb_column vc_column_container vc_col-sm-4">
<div class="vc_column-inner ">
<div class="wpb_wrapper">
<div class="wpb_text_column wpb_content_element ">
<div class="wpb_wrapper">
<ul class="list_check">
<li>Plataforma de acero inoxidable de 570 x 450 mm.</li>
<li>Comunicación Serie (Norma RS 232) para conexión a PC o impresor. No incluye soft de gestión.</li>
<li>Tara ingresable por peso.</li>
</ul>
</div>
</div>
</div>
</div>
</div>
<div class="wpb_column vc_column_container vc_col-sm-4">
<div class="vc_column-inner ">
<div class="wpb_wrapper">
<div class="wpb_text_column wpb_content_element ">
<div class="wpb_wrapper">
<ul class="list_check">
<li>Función acumulación de peso.</li>
<li>Excepcional bajo consumo (6 watt en stand-by).</li>
<li>Fuente de alimentación externa 110-220 VCA.</li>
</ul>
</div>
</div>
</div>
</div>
</div>
<div class="wpb_column vc_column_container vc_col-sm-4">
<div class="vc_column-inner ">
<div class="wpb_wrapper">
<div class="wpb_text_column wpb_content_element ">
<div class="wpb_wrapper">
<ul class="list_check">
<li>Modelo sólo peso.</li>
<li>Teclado protegido con membrana impermeable.</li>
</ul>
<p><strong>DIMENSIONES: Ancho / Profundidad / Altura</strong></p>
<p>Dimensiones equipo:  483 x  686 x  832 mm</p>
<p>Dimensiones bandeja: 450 x 570 mm</p>
<p>Dimensiones embalaje:  490 x  1060 x 200 mm</p>
<p>&nbsp;</p>
<p><strong>PESO</strong></p>
<p>Peso neto:  15,9 kg</p>
<p>Peso bruto: 19,4 kg</p>
</div>
<p><b> CAPACIDAD:  </b></p>
<p>150 KG Y 300 KG</p>
</div>
</div>
</div>
</div>
